t r(f) = 16*f**2 - 1221*f + 1572. Give r(78).
3678
Let q(m) = -463780*m - 29681942. Give q(-64).
-22
Let g(u) = -2832*u**2 + 65136*u + 7. Calculate g(23).
7
Let n(b) = -53*b**2 + 806*b + 2396. Determine n(-3).
-499
Let u(d) = 141*d + 17426. Calculate u(-126).
-340
Let a(i) = 4*i**2 + 1022*i + 7689. What is a(-250)?
2189
Let y(i) = 225775*i - 2483485. What is y(11)?
40
Let l(m) = 13*m**2 + 1032*m + 9394. Determine l(-69).
79
Let u(f) = -87*f**2 + 28194*f - 1959. Calculate u(324).
-15
Let w(g) = 21*g**2 - 519*g - 90. Calculate w(25).
60
Let g(f) = f**3 + 39*f**2 + 94*f + 2069. What is g(-38)?
-59
Let n(w) = 3035*w + 93936. What is n(-31)?
-149
Let j(g) = -4619*g - 1496567. What is j(-324)?
-11
Let i(p) = 1188*p + 2320. Determine i(-3).
-1244
Let f(x) = 243*x + 10249. Calculate f(-41).
286
Let s(o) = 14*o**3 + 18*o**2 + 7*o + 115. What is s(-5)?
-1220
Let c(j) = 948*j**2 - 2052*j - 23377. Determine c(-4).
-1
Let m(b) = -b**3 + 83*b**2 - 1712*b - 271. What is m(44)?
-95
Let t(j) = 27*j - 2373. What is t(94)?
165
Let s(b) = b**3 + 14*b**2 - 1199*b - 14967. What is s(-13)?
789
Let c(b) = -361*b - 40074. Calculate c(-111).
-3
Let x(c) = -14*c**2 - 475*c + 689. Give x(-35).
164
Let h(u) = -2*u**3 + 167*u**2 + 130*u - 2673. What is h(84)?
1191
Let v(f) = 3004*f + 12869. Determine v(-4).
853
Let q(o) = 756*o + 36156. What is q(-53)?
-3912
Let h(z) = z**2 - 6521*z - 4334426. Give h(-608).
6
Let v(t) = -418*t**3 + 6*t**2 + 2*t + 1. Determine v(-1).
423
Let b(d) = 614*d - 21431. Determine b(35).
59
Let d(p) = 110252*p - 110259. Calculate d(1).
-7
Let i(u) = -u**3 - 76*u**2 + 2202*u - 1012. Calculate i(22).
0
Let t(f) = -f**3 + 6*f**2 + 105*f + 200. What is t(-11)?
1102
Let b(k) = 971*k + 19638. Determine b(-20).
218
Let u(k) = -k**3 + 229*k**2 - 8209*k + 130. Calculate u(45).
3325
Let r(u) = 11*u**2 - 104*u - 106. What is r(8)?
-234
Let m(x) = x**3 + 120*x**2 + 687*x + 467. Give m(-114).
125
Let w(f) = 25162*f + 6642757. Calculate w(-264).
-11
Let f(s) = 2907*s + 145338. Determine f(-50).
-12
Let a(t) = 1223354*t + 1223354. Calculate a(-1).
0
Let u(w) = -312*w - 4291. Determine u(-13).
-235
Let z(k) = -1303*k**2 - 230632*k - 59. Give z(-177).
118
Let q(j) = -3*j - 945. Determine q(18).
-999
Let c(u) = -u**3 - 211*u**2 + 4858*u - 3233. Determine c(-232).
15
Let t(k) = 16*k**2 - 852*k + 3945. What is t(48)?
-87
Let o(t) = -2*t**3 - 11*t**2 + 610*t + 33. Calculate o(15).
-42
Let n(m) = -282*m**2 - 61*m + 56. Give n(1).
-287
Let o(y) = -2*y**3 + 22*y**2 + 11329*y - 124609. Give o(11).
10
Let f(u) = 4*u**3 + 582*u**2 + 279*u - 1646. Determine f(-145).
-51
Let d(h) = h**2 - 53078*h + 24569328. Calculate d(467).
-9
Let d(c) = 2*c**3 + c**2 - 80*c - 138. What is d(-8)?
-458
Let c(q) = q**3 - 166*q**2 + 6855*q + 795. Determine c(88).
3
Let b(s) = -808*s - 55749. Give b(-69).
3
Let d(c) = -30*c - 1149. Give d(-38).
-9
Let d(j) = 509*j - 36203. Determine d(71).
-64
Let k(z) = 94*z - 6382. Give k(72).
386
Let p(a) = a**3 - 141*a**2 + 670*a - 16717. Determine p(137).
-3
Let k(f) = -f**3 - 45*f**2 + 33*f - 691. What is k(-46)?
-93
Let x(p) = -p**3 - 74*p**2 + 188*p + 2749. Give x(-76).
13
Let p(v) = 24764*v - 99019. Determine p(4).
37
Let a(l) = l**3 - 50*l**2 - 100*l + 1486. Determine a(52).
1694
Let o(p) = -9*p**3 - 974*p**2 + 5010*p - 2. Calculate o(5).
-427
Let k(z) = 12788*z - 626590. Give k(49).
22
Let a(b) = -604*b - 1852. What is a(-3)?
-40
Let v(d) = -d**3 - 10*d**2 - 337*d - 2957. What is v(-10)?
413
Let g(s) = -s**2 + 220*s + 11143. What is g(-41)?
442
Let j(w) = 6*w**2 - 1507*w - 75595. What is j(294)?
-37
Let m(q) = 89285*q - 624945. Calculate m(7).
50
Let x(h) = 2*h**3 + 115*h**2 + 68*h + 590. What is x(-57)?
-37
Let m(b) = -2*b**2 - 7*b + 2528. What is m(35)?
-167
Let s(h) = 13933*h + 13403545. What is s(-962)?
-1
Let k(t) = 129*t**3 + 10708*t**2 + 100*t + 1424. Calculate k(-83).
13
Let r(d) = 4530*d - 539073. What is r(119)?
-3
Let h(b) = -771*b - 14570. Give h(-22).
2392
Let c(b) = -4*b**3 + 1609*b**2 - 403*b + 200. Calculate c(402).
-202
Let q(m) = 8*m**2 + 558*m + 3925. Determine q(-62).
81
Let u(t) = 13*t**2 + 271*t - 672. Calculate u(-23).
-28
Let q(c) = 2*c**3 - 43*c**2 - 2*c + 139. What is q(20)?
-1101
Let i(n) = -n**3 - 60*n**2 - 240*n + 878. Determine i(-7).
-39
Let l(b) = 17*b**2 + 292*b + 1026. Give l(-5).
-9
Let z(q) = q**2 + 1607*q - 69445. Determine z(42).
-187
Let n(w) = -35157*w + 2074274. Determine n(59).
11
Let d(p) = -2*p**3 - 28*p**2 + 4558*p + 55298. Give d(-12).
26
Let x(m) = 271*m - 5545. Determine x(21).
146
Let j(g) = g**3 - 172*g**2 - 1347*g - 646. What is j(-7)?
12
Let p(w) = -1249185*w + 2498380. Calculate p(2).
10
Let q(g) = -g**3 + 44*g**2 + 2104*g + 947. What is q(73)?
-2
Let y(d) = -402*d - 14654. Give y(-46).
3838
Let o(v) = -v**3 - 44*v**2 + 139*v - 5. Calculate o(3).
-11
Let a(d) = 3*d**3 - 35*d**2 - 60*d + 5. What is a(12)?
-571
Let o(f) = 16*f**2 + 1259*f + 3837. What is o(-3)?
204
Let j(a) = -11*a**3 + 6*a**2 - 515*a + 1038. What is j(2)?
-56
Let p(t) = -5778*t - 115531. Determine p(-20).
29
Let i(d) = -2072*d - 61774. What is i(-31)?
2458
Let b(g) = -2*g**2 - 233*g + 138595. Give b(-328).
-149
Let d(w) = -31*w**2 - 2074*w + 158. Determine d(-67).
-43
Let d(s) = -18317*s - 1062393. Calculate d(-58).
-7
Let i(g) = 14478*g - 362160. Calculate i(25).
-210
Let o(l) = 4*l**2 + 193*l - 22024. Determine o(54).
62
Let m(k) = 57927*k - 521349. Calculate m(9).
-6
Let u(h) = -1499*h - 184377. Give u(-123).
0
Let s(a) = 2*a**3 - 241*a**2 + 52*a + 8129. Calculate s(120).
-31
Let d(x) = -787*x - 21025. Calculate d(-27).
224
Let x(t) = -639*t - 259. What is x(2)?
-1537
Let a(m) = 3*m**2 - 9*m + 296. What is a(15)?
836
Let o(l) = 86*l**3 + 1033*l**2 + 168*l + 1889. Calculate o(-12).
17
Let h(j) = -419915*j - 13017374. Give h(-31).
-9
Let p(z) = z**3 - 1014*z**2 - 7131*z + 22. Give p(-7).
-90
Let b(w) = -23117*w - 92812. Give b(-4).
-344
Let c(o) = o**2 + 589*o + 84161. Give c(-244).
-19
Let l(g) = -17*g**3 + 45*g**2 - 107*g - 47. Calculate l(3).
-422
Let v(j) = j**3 + 17434*j**2 + 851871*j + 293. What is v(-49)?
-1
Let i(c) = 4744*c - 107681. Calculate i(23).
1431
Let v(l) = -3*l**3 + 21*l**2 - 75*l + 6. What is v(7)?
-519
Let a(n) = -29658*n - 415208. Determine a(-14).
4
Let b(k) = -3*k**2 + 23945*k + 167696. Calculate b(-7).
-66
Let r(k) = -2286*k - 279119. Calculate r(-122).
-227
Let i(q) = 5*q**2 + 4*q - 18. Calculate i(6).
186
Let u(f) = f**3 + 42*f**2 - 52*f - 349. Give u(-43).
38
Let b(m) = -m**2 - 3209*m + 344562. Determine b(104).
10
Let m(h) = -55880*h - 726429. Calculate m(-13).
11
Let u(k) = -12*k**3 + 4*k**2 + 169*k + 642. Determine u(-4).
798
Let v(i) = 17443*i + 122057. Calculate v(-7).
-44
Let l(c) = 2*c**3 + 451*c**2 + 963*c + 137. Give l(-2).
-1
Let i(y) = -577*y - 70236. What is i(-122)?
158
Let l(u) = -u**3 + 11*u**2 + 3293*u - 16636. Determine l(5).
-21
Let j(y) = 1170*y + 25791. What is j(-22)?
51
Let i(l) = 827*l**2 - 8238*l - 66. Determine i(10).
254
Let w(r) = -18*r + 17. Give w(-48).
881
Let q(h) = -36*h**2 - 8097*h + 771. Calculate q(-225).
96
Let j(z) = -4*z**2 - 185*z + 68. Determine j(-44).
464
Let c(z) = -22*z**3 - z**2 - 6*z - 4. Give c(-2).
180
Let q(n) = -n**3 - 1504*n**2 - 11968*n - 6. Calculate q(-8).
-6
Let z(w) = -7*w**2 - 293*w + 203. Give z(-41).
449
Let z(s) = 4*s**3 + 288*s**2 + 155*s + 11160. What is z(-72)?
0
Let c(s) = 38*s**2 - 10684*s + 1690. Give c(281).
4
Let k(s) = -9*s**2 + 271*s + 80. Determine k(34).
-1110
Let l(n) = -n**3 + 13*n**2 + 30*n - 571. What is l(10)?
29
Let r(t) = 555466*t - 1. Give r(0).
-1
Let u(v) = v**3 + 329*v**2 - 2693*v + 1006. What is u(-337)?
-5
Let h(t) = 34*t**2 - 159*t - 809. Calculate h(-5).
836
Let q(x) = -2*x**2 - 30792*x + 21. Give q(0).
21
Let j(b) = 3*b**2 - 166*b + 2488. Determine j(28).
192
Let g(v) = v**2 - 20738*v - 249022. What is g(-12)?
-22
Let q(i) = i**3 + 25*i**2 - 972. What is q(-25)?
-972
Let c(p) = 2441*p - 2702185. Give c(1107).
2
Let t(q) = -3*q**3 + 1305*q**2 - 2587*q - 4765. What is t(433)?
-2
Let y(z) = -z**3 + 44*z**2 - 27182*z + 1225211. Determine y(45).
-4
Let z(y) = -3*y**2 - 102*y - 66. Determine z(-34).
-66
Let d(g) = 660*g - 351099. Give d(532).
21
Let i(p) = 307*p + 5251. What is i(-17)?
32
Let u(c) = 2*c**2 - 15530*c + 2